 be (0/(-1))/(-6 - -3). What is the units digit of -2*4/(y + -2)?
4
Let r = 54 - 22. What is the tens digit of -1 + 2 - r/(-2)?
1
Suppose -i - 3*i = -4*b - 12, -5*i + 2*b = -21. Suppose i*w + 135 = 385. Suppose 3*q = 5*v + w, 4*q + 2*v = -0*v + 32. What is the tens digit of q?
1
Let l = 46 + -27. What is the units digit of l?
9
Let k(h) = -55*h**3 + h**2 + h. What is the units digit of k(-1)?
5
Let c be (-10)/((-1)/5 + 0). Suppose -c = -5*a + 3*a. What is the tens digit of a?
2
Let t(p) = 4*p**3. Let o be t(2). Let k = o + -22. What is the tens digit of k?
1
Let u be (-3 - 0) + 134/(-2). Let m = -37 - u. What is the units digit of m?
3
Let a(m) = 7*m**2 + 5*m + 23. What is the units digit of a(-7)?
1
Let b = -202 - -330. What is the units digit of b?
8
Let h(t) = t**2 + 3*t + 4. Let u(z) = -3*z + 2. Let k be u(2). What is the units digit of h(k)?
8
Suppose -7*i = -3*i + 3*x - 55, -i = -3*x + 5. What is the tens digit of i?
1
Let k = 1 - -68. What is the tens digit of k?
6
Suppose 0*i - 2*i + 6 = 0. Suppose -5*w + i*w + 30 = 0. Suppose 3*o = w + 21. What is the units digit of o?
2
Suppose s - 5*s + 328 = 0. Suppose -s = -4*v + m, -3*v - 6*m = -3*m - 69. What is the tens digit of v?
2
Let w be (-6)/(-14) - 106/(-14). Let i = w - 6. What is the tens digit of i/(-6) - 55/(-3)?
1
What is the tens digit of ((-9)/6)/3 - 37/(-2)?
1
Suppose r = 6*r. Suppose r = -3*w - 4*k + 92, w - 63 = -w - 3*k. What is the units digit of w?
4
Let l be (-18)/12*(-4)/3. Suppose m - 63 = -l*m + 3*a, -3*m - 4*a + 35 = 0. What is the units digit of m?
7
Suppose i + 13 = 5*v, -4*i = 3*v - 25 - 15. Let r = 11 - i. Suppose -2*b - 3*b - 23 = 2*t, 0 = -t + r*b + 21. What is the units digit of t?
1
Let m(w) be the first derivative of w - 2 + 1/2*w**2. What is the units digit of m(0)?
1
Let n(g) = -2*g**2 - 11*g + 8. Suppose 4*u - 2*u + 12 = 0. What is the units digit of n(u)?
2
Suppose -3 = 5*l - 6*l. Let r(u) = 3*u**2 - 5*u + 2. Let f be r(l). Let o = f - -3. What is the units digit of o?
7
What is the units digit of (-2 - (-7 + 4))*(2 - -3)?
5
Suppose 2*f + 2*f = 3*u + 30, 0 = -3*f + u + 25. What is the units digit of f?
9
Let m = -2 - -6. Suppose 4*g - o = 38, -5*g + 38 = -m*o - 15. What is the units digit of g?
9
Suppose 0*m - m = 0. Suppose 0*g + 2*g - 18 = m. What is the units digit of (12/g)/((-2)/(-3))?
2
Suppose -4*m = -w + m - 22, 2*m - 10 = 0. Suppose -27 + 9 = -w*o. What is the units digit of o?
6
What is the units digit of 2/(2/1) + 39?
0
Let b(y) = y**3 - 6*y**2 - 2*y + 6. Let c be b(6). Let d = c + 4. What is the units digit of 1/((d + 4)/2)?
1
Suppose -10 - 10 = -5*d + 5*c, 3*d = -c + 16. Suppose m = d*m - 20. What is the units digit of m?
5
Let q(t) = -t**3 + 3*t**2 + 4*t + 4. Let w be q(4). Suppose 5*y + 5 = w*c, 2*y = 7*y - 15. What is the units digit of c?
5
Let p be 15 + 1 + (0 - -1). Suppose 5*a - 134 = -2*z - z, 0 = 4*z + 8. Let l = a - p. What is the tens digit of l?
1
Let z(y) = -5*y**2 + y + 3. Let r(d) = -6*d**2 + d + 2. Let l(f) = -3*r(f) + 2*z(f). Let q be l(-1). Let t = q - -3. What is the tens digit of t?
1
Let m(z) = 4*z + 1. Let u be m(-1). Suppose -5*w + 9 = 2*f + 2, 2*w = 3*f + 18. Let n = u - f. What is the units digit of n?
1
Let b(n) = n**3 - 7*n**2 + 7*n - 7. Let f be b(6). Let z be (f + 4 + -2)/1. Suppose z - 41 = -5*g. What is the units digit of g?
8
Let k = -10 + 6. Let r be ((-1)/k)/((-1)/(-4)). What is the tens digit of (r/1)/3*51?
1
Suppose -4*v + 222 - 36 = -3*r, 0 = -5*v - 5*r + 250. What is the units digit of v?
8
Suppose -2*l = 2*k + 2*l - 96, 0 = -3*k - 5*l + 149. What is the units digit of k?
8
Let t(g) = 24*g - 12. What is the hundreds digit of t(6)?
1
Suppose 0 = -q - 0 + 2. What is the units digit of -1 + q - (-33 - 8)?
2
Let s(u) = 12*u + 18 - 11*u + u**2 - 9*u. What is the units digit of s(8)?
8
Let t = 3 + 0. Suppose 4*p + t*r = 5*p - 11, -2*p = 2*r - 6. Suppose 15 = p*v, 2*d - v - 1 = -2. What is the units digit of d?
1
Let n be (-60)/8*4/(-6). Suppose -5*r - n*x = -0*x - 160, 4*r - 4*x = 128. Suppose -5*t = -t - r. What is the units digit of t?
8
Let i = 0 - -2. Let p be -6*(-28)/6 + i. Suppose 2*q - p + 4 = 0. What is the units digit of q?
3
Let d = 8 + -6. Suppose -d*a - a + 42 = 0. Let k = a + -5. What is the units digit of k?
9
Suppose -3*a - 5*r - 53 = 0, 2*a + 0*a = r - 31. What is the tens digit of a/(-80) + (-538)/(-10)?
5
Suppose -2*t + t = -20. What is the units digit of (t/8)/((-2)/(-20))?
5
Suppose 2*l - 2*t = 10, 5*t - 4 = -14. Suppose -z + l + 14 = 0. What is the units digit of z?
7
Suppose 0 = -4*i + 2*n + 96, -n + 0*n - 4 = 0. What is the tens digit of i?
2
Let p = 8 + -16. Let r be (p/6)/((-4)/6). What is the units digit of ((-1)/r*-6)/1?
3
Suppose n - 3*t = -t - 10, 4*n + 30 = 3*t. Let m = 10 + n. Suppose -3*c + 24 = 5*h - m, 9 = 4*c + h. What is the units digit of c?
1
Let w(u) = -u**3 + 9*u**2 + 3*u - 13. Let s = -6 - -15. What is the units digit of w(s)?
4
Let t be (-5 - -5)*1*-1. Suppose t*b + 3*b + 12 = 0. What is the units digit of ((-16)/6)/(b/12)?
8
Let b = 54 - 29. Suppose -5 = -v + 1. Suppose -v*g + b = -g. What is the units digit of g?
5
Let u(z) = -z**3 - 4*z**2 - 4*z - 1. Let g be u(-3). Let l be 19/2 - (-1)/(-2). Let f = g + l. What is the tens digit of f?
1
What is the hundreds digit of ((-6)/2 - -6)*117?
3
Suppose -2*t = 2 - 0. Let v be 3*6/(-2 + t). Let b = v + 7. What is the units digit of b?
1
Suppose -s = v - 18, -4*s - 3*v + 68 = -3. What is the units digit of s?
7
Let l = 3 - 4. Let f(g) = 21*g. Let y be f(l). What is the tens digit of ((-6)/(-2))/(-1) - y?
1
Suppose -f - 57 = 4*f - l, -5*f - 63 = -4*l. Let i = f - -8. What is the units digit of 1/3*(i - -9)?
2
Let v(s) = 3*s**2 - s + 1. Let w be v(4). What is the tens digit of 6/w + 2240/75?
3
Suppose -3*l = a + 4*a - 36, 5*l = -4*a + 60. Suppose -3*n + y + l = 6*y, n + 2*y - 4 = 0. Suppose 8*s - 28 = n*s. What is the units digit of s?
7
Suppose -4*p + 4 = -4*i + 2*i, 3*i + 6 = 0. Suppose -r - 20 + 53 = p. What is the units digit of r?
3
Let k(l) = -l - 1. Let q = -3 + 2. Let g be k(q). What is the tens digit of (1 - g) + -4 + 17?
1
Let k(n) = 2*n**2 + 11*n + 1. Let s = -3 - 5. What is the units digit of k(s)?
1
Let o = -3 - -3. Let b be (o - (-1 - 2))/1. Suppose -6 = b*p, -7*p + 35 = 5*h - 2*p. What is the units digit of h?
9
Suppose 45*j - 48*j + 732 = 0. What is the units digit of j?
4
Let j(f) = -20*f - 2. Let a be j(-3). Suppose -5*n - 3 = 5*b - a, -10 = -5*n. What is the units digit of b?
9
Suppose 4*f = 6*f - 4*y - 18, 2*f = 3*y + 16. Let q be (1/(-2))/(1/(-38)). Suppose -j + 27 = -f*c, -2*j = -0*j - 3*c - q. What is the units digit of j?
2
Let k(m) = m + 10. Let b be k(-7). Let c = b - 4. What is the units digit of -3 - (-51)/(-3)*c?
4
Suppose -v - 3*v = 164. Let n = v - -72. What is the units digit of n?
1
Let y = 54 - 32. What is the tens digit of y?
2
Let r = 57 - -121. What is the hundreds digit of r?
1
What is the tens digit of 362/15 - (-20)/(-150)?
2
What is the tens digit of ((-2)/3 + 1)/((-7)/(-399))?
1
Let q = 62 + -28. Suppose 3*x - 4*r + 3 - 51 = 0, q = 2*x - 2*r. What is the tens digit of x?
2
Let h be (-63)/(-5) - (-2)/5. Let d(s) = s**3 - 6*s**2 + 3*s + 3. Let l be d(5). Let u = l + h. What is the units digit of u?
6
Let v be ((-4)/14)/((-1)/7). Let j(z) = z**2 + 3*z + 3. Let y be j(-3). Suppose -y*f + 25 = v*f. What is the units digit of f?
5
Suppose -2*m + 0*m = -24. Let j(q) = -q**2 - q + 4. Let n be j(0). Suppose 8 = n*a - m. What is the units digit of a?
5
Let z be ((-2)/6)/(3/(-36)). Suppose 0 = 2*b + 2*b - z. What is the units digit of b?
1
Let z = -4 - -7. Let l = z + -1. Suppose 3*h - 3 = 4*n, -4*h + 2*n + 8 = -l*n. What is the units digit of h?
5
Let u(o) = -o + 11. Let d be u(6). Suppose -c + 13 - d = v, 4*c - 2 = 2*v. Let p(i) = 2*i - 3. What is the units digit of p(c)?
3
Suppose -4*a + 1 = -2*r - 1, -17 = a - 4*r. Suppose -p + 168 = a*p. Suppose -2*c + 4*z + 34 = 0, p = 5*c - z - 52. What is the tens digit of c?
1
Let v = 1 + 0. Let b be 3 + -2 + (5 - v). Suppose 0 = b*t + j - 54, t - j = -0*t + 12. What is the tens digit of t?
1
Suppose -r = b + r - 18, -5*r - 32 = -3*b. Suppose h + 0 = b. What is the units digit of h?
4
Suppose -4*n + 5*k = -683, -2*n - 2*n + k = -703. What is the units 